{"id":807,"date":"2014-04-02T15:14:50","date_gmt":"2014-04-02T14:14:50","guid":{"rendered":"http:\/\/www.pointbarrevideo.com\/wordpress\/?page_id=807"},"modified":"2016-11-18T11:40:14","modified_gmt":"2016-11-18T10:40:14","slug":"boutique","status":"publish","type":"page","link":"http:\/\/www.pointbarrevideo.com\/wordpress\/?page_id=807","title":{"rendered":"Boutique"},"content":{"rendered":"<p style=\"text-align: justify;\">Dans cette boutique, vous pouvez commander les diff\u00e9rents films POINT BARRE disponibles en DVD. Ils vous seront directement exp\u00e9di\u00e9s chez vous et les frais de ports sont inclus. Pour s\u00e9curiser ces achats en ligne, nous faisons confiance au syst\u00e8me Paypal. Vive le shopping !<\/p>\n<table width=\"100%\" border=\"0\" cellspacing=\"0\" cellpadding=\"0\">\n<tbody>\n<tr>\n<td width=\"50%\">\n<h1>&#8230;1968 COGLAIS 2015&#8230;<\/h1>\n<p><img loading=\"lazy\" decoding=\"async\" class=\"alignnone size-full wp-image-832\" title=\"...1968 COGLAIS 2015... en DVD\" src=\"http:\/\/www.pointbarrevideo.com\/boutique\/DVD1968coglais2015.png\" alt=\"\" width=\"150\" height=\"212\" \/><br \/>\n71 + 40 minutes &#8211; 2016 | <strong>15 \u20ac<\/strong><br \/>\n<a title=\"Acheter le DVD\" href=\"http:\/\/www.pointbarrevideo.com\/boutique\/pb_acheter-DVD1968coglais2015.html \" target=\"_blank\"><img decoding=\"async\" src=\"http:\/\/www.pointbarrevideo.com\/boutique\/btn_buynow_LG.gif\" alt=\"\" \/><\/a><\/td>\n<td width=\"50%\">\n<h1>G\u00e9n\u00e9rations Gal\u00e8res<\/h1>\n<p><img loading=\"lazy\" decoding=\"async\" class=\"alignnone size-full wp-image-832\" title=\"G\u00e9n\u00e9rations Gal\u00e8res en DVD\" src=\"http:\/\/www.pointbarrevideo.com\/boutique\/DVDgenerationsgaleres.png\" alt=\"\" width=\"150\" height=\"212\" \/><br \/>\n52 minutes &#8211; 2014 | <strong>15 \u20ac<\/strong><br \/>\n<a title=\"Acheter le DVD\" href=\"http:\/\/www.pointbarrevideo.com\/boutique\/pb_acheter-DVDgenerationsgaleres.html \" target=\"_blank\"><img decoding=\"async\" src=\"http:\/\/www.pointbarrevideo.com\/boutique\/btn_buynow_LG.gif\" alt=\"\" \/><\/a><\/td>\n<\/tr>\n<tr>\n<td width=\"50%\">\n<h1>La vereda de enfrente<\/h1>\n<p><img loading=\"lazy\" decoding=\"async\" class=\"alignnone size-full wp-image-832\" title=\"La vereda de enfrente (Le trottoir d'en face) en DVD\" src=\"http:\/\/www.pointbarrevideo.com\/boutique\/DVDveredadeenfrente.png\" alt=\"\" width=\"150\" height=\"212\" \/><br \/>\n52 minutes | <strong>15 \u20ac<\/strong><br \/>\n<a title=\"Acheter le DVD\" href=\"http:\/\/www.pointbarrevideo.com\/boutique\/pb_acheter-DVDveredadeenfrente.html \" target=\"_blank\"><img decoding=\"async\" src=\"http:\/\/www.pointbarrevideo.com\/boutique\/btn_buynow_LG.gif\" alt=\"\" \/><\/a><\/td>\n<td width=\"50%\">\n<h1>Il \u00e9tait une foi&#8230;<br \/>\ndans les chemins du trobreiz<\/h1>\n<p><img loading=\"lazy\" decoding=\"async\" class=\"alignnone size-full wp-image-832\" title=\"Il \u00e9tait une foi... en DVD\" src=\"http:\/\/www.pointbarrevideo.com\/boutique\/DVDtrobreiz2013.png\" alt=\"\" width=\"150\" height=\"212\" \/><br \/>\n52 minutes &#8211; 2013 | <strong>15 \u20ac<\/strong><br \/>\n<a title=\"Acheter le DVD\" href=\"http:\/\/www.pointbarrevideo.com\/boutique\/pb_acheter-DVDtrobreiz2013.html \" target=\"_blank\"><img decoding=\"async\" src=\"http:\/\/www.pointbarrevideo.com\/boutique\/btn_buynow_LG.gif\" alt=\"\" \/><\/a>\n<\/td>\n<\/tr>\n<tr>\n<td width=\"50%\">\n<h1>C&rsquo;est pas un travail pour toi !<\/h1>\n<p><img loading=\"lazy\" decoding=\"async\" class=\"alignnone size-full wp-image-832\" title=\"C'est pas un travail pour toi ! en DVD\" src=\"http:\/\/www.pointbarrevideo.com\/boutique\/DVDcestpasuntravailpourtoi.png\" alt=\"\" width=\"150\" height=\"212\" \/><br \/>\n26 minutes &#8211; 2011 | <strong>10 \u20ac<\/strong><br \/>\n<a title=\"Acheter le DVD\" href=\"http:\/\/www.pointbarrevideo.com\/boutique\/pb_acheter-DVDcestpasuntravailpourtoi.html \" target=\"_blank\"><img decoding=\"async\" src=\"http:\/\/www.pointbarrevideo.com\/boutique\/btn_buynow_LG.gif\" alt=\"\" \/><\/a>\n<\/td>\n<td width=\"50%\">\n<h1>Vila de Marmeleira faz um filme !<\/h1>\n<p><img loading=\"lazy\" decoding=\"async\" class=\"alignnone size-full wp-image-832\" title=\"Vila de Marmeleira faz um filme ! en DVD\" src=\"http:\/\/www.pointbarrevideo.com\/boutique\/DVDvdmfazumfilme.png\" alt=\"\" width=\"150\" height=\"212\" \/><br \/>\n26 minutes &#8211; 2012 | <strong>10 \u20ac<\/strong><br \/>\n<a title=\"Acheter le DVD\" href=\"http:\/\/www.pointbarrevideo.com\/boutique\/pb_acheter-DVDvdmfazumfilme.html \" target=\"_blank\"><img decoding=\"async\" src=\"http:\/\/www.pointbarrevideo.com\/boutique\/btn_buynow_LG.gif\" alt=\"\" \/><\/a>\n<\/td>\n<\/tr>\n<tr>\n<td width=\"50%\">\n<h1>Migrants-Clandestins<\/h1>\n<p><img loading=\"lazy\" decoding=\"async\" class=\"alignnone size-full wp-image-832\" title=\"Migrants-Clandestins en DVD\" src=\"http:\/\/www.pointbarrevideo.com\/boutique\/DVDmigrantsclandestins.png\" alt=\"\" width=\"150\" height=\"212\" \/><br \/>\n26 minutes &#8211; 2007 | <strong>10 \u20ac<\/strong><br \/>\n<a title=\"Acheter le DVD\" href=\"http:\/\/www.pointbarrevideo.com\/boutique\/pb_acheter-DVDmigrantsclandestins.html \" target=\"_blank\"><img decoding=\"async\" src=\"http:\/\/www.pointbarrevideo.com\/boutique\/btn_buynow_LG.gif\" alt=\"\" \/><\/a>\n<\/td>\n<td width=\"50%\">\n<h1>Del otro lado de la linea<br \/>\nDe l&rsquo;autre c\u00f4t\u00e9 de la ligne<br \/>\nThe Other Side of the Line<\/h1>\n<p><img loading=\"lazy\" decoding=\"async\" class=\"alignnone size-full wp-image-832\" title=\"Del otro lado de la linea | De l'autre c\u00f4t\u00e9 de la ligne | The Other Side of the Line. DVD trilingue\" src=\"http:\/\/www.pointbarrevideo.com\/boutique\/DVDotrolado.png\" alt=\"\" width=\"150\" height=\"212\" \/><br \/>\n33 minutes &#8211; 2008 | <strong>15 \u20ac<\/strong><br \/>\n<a title=\"Acheter le DVD\" href=\"http:\/\/www.pointbarrevideo.com\/boutique\/pb_acheter-DVDotroladodelalinea.html \" target=\"_blank\"><img decoding=\"async\" src=\"http:\/\/www.pointbarrevideo.com\/boutique\/btn_buynow_LG.gif\" alt=\"\" \/><\/a>\n<\/td>\n<\/tr>\n<\/tbody>\n<\/table>\n","protected":false},"excerpt":{"rendered":"<p>Dans cette boutique, vous pouvez commander les diff\u00e9rents films POINT BARRE disponibles en DVD. Ils vous seront directement exp\u00e9di\u00e9s chez vous et les frais de ports sont inclus. Pour s\u00e9curiser ces achats en ligne, nous faisons confiance au syst\u00e8me Paypal. &hellip; <a href=\"http:\/\/www.pointbarrevideo.com\/wordpress\/?page_id=807\">Continuer la lecture <span class=\"meta-nav\">&rarr;<\/span><\/a><\/p>\n","protected":false},"author":1,"featured_media":0,"parent":0,"menu_order":0,"comment_status":"open","ping_status":"open","template":"","meta":{"footnotes":""},"class_list":["post-807","page","type-page","status-publish","hentry"],"_links":{"self":[{"href":"http:\/\/www.pointbarrevideo.com\/wordpress\/index.php?rest_route=\/wp\/v2\/pages\/807","targetHints":{"allow":["GET"]}}],"collection":[{"href":"http:\/\/www.pointbarrevideo.com\/wordpress\/index.php?rest_route=\/wp\/v2\/pages"}],"about":[{"href":"http:\/\/www.pointbarrevideo.com\/wordpress\/index.php?rest_route=\/wp\/v2\/types\/page"}],"author":[{"embeddable":true,"href":"http:\/\/www.pointbarrevideo.com\/wordpress\/index.php?rest_route=\/wp\/v2\/users\/1"}],"replies":[{"embeddable":true,"href":"http:\/\/www.pointbarrevideo.com\/wordpress\/index.php?rest_route=%2Fwp%2Fv2%2Fcomments&post=807"}],"version-history":[{"count":135,"href":"http:\/\/www.pointbarrevideo.com\/wordpress\/index.php?rest_route=\/wp\/v2\/pages\/807\/revisions"}],"predecessor-version":[{"id":901,"href":"http:\/\/www.pointbarrevideo.com\/wordpress\/index.php?rest_route=\/wp\/v2\/pages\/807\/revisions\/901"}],"wp:attachment":[{"href":"http:\/\/www.pointbarrevideo.com\/wordpress\/index.php?rest_route=%2Fwp%2Fv2%2Fmedia&parent=807"}],"curies":[{"name":"wp","href":"https:\/\/api.w.org\/{rel}","templated":true}]}}