{"id":78,"date":"2010-01-28T15:17:52","date_gmt":"2010-01-28T14:17:52","guid":{"rendered":"http:\/\/www.pointbarrevideo.com\/wordpress\/?page_id=78"},"modified":"2021-08-23T15:51:10","modified_gmt":"2021-08-23T14:51:10","slug":"actualites","status":"publish","type":"page","link":"http:\/\/www.pointbarrevideo.com\/wordpress\/","title":{"rendered":"POINT BARRE .\/"},"content":{"rendered":"<p style=\"text-align: justify;\">POINT BARRE d\u00e9veloppe ses activit\u00e9s dans le domaine de la cr\u00e9ation audiovisuelle depuis plus de dix ans.<\/p>\n<p style=\"text-align: justify;\">Avant tout \u00e0 l&rsquo;initiative de projets de films \u00e0 dimension sociale, l&rsquo;association a diversifi\u00e9 son activit\u00e9 pour accompagner le d\u00e9veloppement et la conduite de tous types de projets. POINT BARRE dispose aujourd&rsquo;hui d&rsquo;une licence d&rsquo;entrepreneur de spectacle.<\/p>\n<p style=\"text-align: justify;\">Qu\u2019il s\u2019agisse de r\u00e9alisation de film, de cr\u00e9ation visuelle ou multim\u00e9dia, de photographie, d&rsquo;organisation d&rsquo;\u00e9v\u00e8nements culturels ou de spectacle vivant, POINT BARRE met en \u0153uvre ses moyens techniques et ses savoir-faire pour permettre le bon d\u00e9roulement des projets. Nous sommes \u00e9quip\u00e9s de mat\u00e9riel professionnel et l&rsquo;ensemble des r\u00e9alisations sont coordonn\u00e9es par des \u00e9quipes de professionnels de l\u2019audiovisuel et du spectacle vivant.<\/p>\n<p style=\"text-align: justify;\">Nous vous invitons \u00e0 d\u00e9couvrir nos productions et prestations en parcourant les pages de ce site ou en nous rejoignant lors d&rsquo;une soir\u00e9e <a href=\"http:\/\/videobingo.pointbarrevideo.com\" target=\"_blank\" rel=\"noopener\">VIDEOBINGO&#8230;<\/a> Bonne navigation !<\/p>\n<h1 style=\"text-align: right;\">.\/<\/h1>\n\n\n<p><\/p>\n","protected":false},"excerpt":{"rendered":"<p>POINT BARRE d\u00e9veloppe ses activit\u00e9s dans le domaine de la cr\u00e9ation audiovisuelle depuis plus de dix ans. Avant tout \u00e0 l&rsquo;initiative de projets de films \u00e0 dimension sociale, l&rsquo;association a diversifi\u00e9 son activit\u00e9 pour accompagner le d\u00e9veloppement et la conduite &hellip; <a href=\"http:\/\/www.pointbarrevideo.com\/wordpress\/\">Continuer la lecture <span class=\"meta-nav\">&rarr;<\/span><\/a><\/p>\n","protected":false},"author":1,"featured_media":0,"parent":0,"menu_order":0,"comment_status":"closed","ping_status":"closed","template":"","meta":{"footnotes":""},"class_list":["post-78","page","type-page","status-publish","hentry"],"_links":{"self":[{"href":"http:\/\/www.pointbarrevideo.com\/wordpress\/index.php?rest_route=\/wp\/v2\/pages\/78","targetHints":{"allow":["GET"]}}],"collection":[{"href":"http:\/\/www.pointbarrevideo.com\/wordpress\/index.php?rest_route=\/wp\/v2\/pages"}],"about":[{"href":"http:\/\/www.pointbarrevideo.com\/wordpress\/index.php?rest_route=\/wp\/v2\/types\/page"}],"author":[{"embeddable":true,"href":"http:\/\/www.pointbarrevideo.com\/wordpress\/index.php?rest_route=\/wp\/v2\/users\/1"}],"replies":[{"embeddable":true,"href":"http:\/\/www.pointbarrevideo.com\/wordpress\/index.php?rest_route=%2Fwp%2Fv2%2Fcomments&post=78"}],"version-history":[{"count":26,"href":"http:\/\/www.pointbarrevideo.com\/wordpress\/index.php?rest_route=\/wp\/v2\/pages\/78\/revisions"}],"predecessor-version":[{"id":2423,"href":"http:\/\/www.pointbarrevideo.com\/wordpress\/index.php?rest_route=\/wp\/v2\/pages\/78\/revisions\/2423"}],"wp:attachment":[{"href":"http:\/\/www.pointbarrevideo.com\/wordpress\/index.php?rest_route=%2Fwp%2Fv2%2Fmedia&parent=78"}],"curies":[{"name":"wp","href":"https:\/\/api.w.org\/{rel}","templated":true}]}}